 + 245?
19268
In base 16, what is 5c16 + 161b?
7231
In base 8, what is 167136152 + -6?
167136144
In base 7, what is 21334 + 1124?
22461
In base 9, what is -23761125 - -4?
-23761121
In base 2, what is 1001001100101011000 - 11000100?
1001001100010010100
In base 2, what is 1000000111001001100 + -10001000?
1000000110111000100
In base 13, what is -503386b + -5?
-5033873
In base 10, what is 278887 - 1?
278886
In base 7, what is 313 + -614336?
-614023
In base 12, what is 68 - -44265b?
442707
In base 11, what is -3 + 616853a?
6168537
In base 15, what is -e + 97744?
97735
In base 16, what is bb8bdf4 + -2?
bb8bdf2
In base 15, what is -397163 + -11?
-397174
In base 7, what is 1434614 + 103?
1435020
In base 14, what is b0c9 + 8617?
15702
In base 16, what is 3027 + -62f?
29f8
In base 2, what is -1 - 1010011011000100001100?
-1010011011000100001101
In base 8, what is 461 - 107564?
-107103
In base 5, what is -140111 + 2111410?
1421244
In base 8, what is -3 + 66666247?
66666244
In base 7, what is 2245040323 - 1?
2245040322
In base 14, what is 416d1 + 81?
41772
In base 5, what is -111 - -310332212?
310332101
In base 9, what is -43435 + -3611?
-47146
In base 10, what is -4162919 + -2?
-4162921
In base 15, what is -853b + 469?
-80c2
In base 2, what is 10110000100 - 1100011110001000?
-1100001000000100
In base 5, what is -2101 - -2443440?
2441334
In base 13, what is 108 + 187c3?
188cb
In base 8, what is 115423 - 24163?
71240
In base 2, what is 10011 - 10110101111011001100111?
-10110101111011001010100
In base 8, what is 5 + -20775675?
-20775670
In base 11, what is -701a51 - -7?
-701a45
In base 8, what is -302404 - -4266?
-276116
In base 12, what is 53044b1 - 0?
53044b1
In base 13, what is 86c7633a + 2?
86c7633c
In base 12, what is -1153 + 712?
-641
In base 8, what is 2723 - 2214001?
-2211056
In base 4, what is -11 + -1302133021?
-1302133032
In base 4, what is 111221112 + 12?
111221130
In base 4, what is 112000103 - -1121133?
113121302
In base 16, what is 5d2 + 7a13?
7fe5
In base 9, what is -682878 + 34?
-682844
In base 2, what is -10011010010 - -1000110011000011?
1000011111110001
In base 7, what is -5405210 + -215?
-5405425
In base 6, what is -22050 - -3415?
-14231
In base 10, what is -289501432 - -4?
-289501428
In base 3, what is 220200001012120222 - 1?
220200001012120221
In base 9, what is 20173 + -277?
18785
In base 14, what is 3 - 15763c8?
-15763c5
In base 4, what is 221 + 1112021302?
1112022123
In base 9, what is -13514 - 5288?
-18813
In base 15, what is bad60b - -4?
bad610
In base 15, what is -18 + 191235?
19121c
In base 4, what is -10012111 - -120?
-10011331
In base 13, what is -25 - 7a2c89?
-7a2cb1
In base 13, what is bb - 10569?
-1047b
In base 15, what is -5852784 - 4?
-5852788
In base 13, what is 23a - 11622?
-113b5
In base 5, what is -1204432 + -131?
-1210113
In base 5, what is 3 - -33122024341?
33122024344
In base 5, what is 0 + 221412412423?
221412412423
In base 5, what is -12040 - 111222?
-123312
In base 7, what is 43412453 - -3?
43412456
In base 5, what is 1 - -112012121320?
112012121321
In base 5, what is -44240413 - -10?
-44240403
In base 6, what is 25103522045 + -1?
25103522044
In base 14, what is -d83896 - -5?
-d83891
In base 7, what is -10064 - -303?
-6461
In base 9, what is -417 + -6216288?
-6216716
In base 16, what is 4179 - -27d?
43f6
In base 9, what is 285807658 - -2?
285807661
In base 15, what is 2be7 - -a2?
2c99
In base 14, what is 92d3d - 32?
92d0b
In base 15, what is a4 + 194aa3?
194b57
In base 3, what is -12 - -20021101010022212?
20021101010022200
In base 9, what is 150 + 31274?
31434
In base 10, what is -1088 + 6861?
5773
In base 7, what is -61 - 114113462?
-114113553
In base 7, what is 202 + 1344500?
1345002
In base 10, what is 48 - -36069592?
36069640
In base 5, what is 4 + -24124312033?
-24124312024
In base 4, what is -203003312202201 - -11?
-203003312202130
In base 6, what is 325520 + 13355?
343315
In base 13, what is -16 + 37cb32?
37cb19
In base 16, what is -36379 + -2?
-3637b
In base 15, what is 15c8899 - 2?
15c8897
In base 14, what is -342 - -19645?
19303
In base 13, what is 0 + 9549384?
9549384
In base 7, what is -11321350 - -262?
-11321055
In base 8, what is 4035 - 175376?
-171341
In base 14, what is -353b8b + -3?
-353b90
In base 9, what is 12 - -358108?
358121
In base 16, what is -1 + -1f34b9?
-1f34ba
In base 8, what is 10 - -1105140?
1105150
In base 2, what is -11000010010000010 - -100010110001?
-10111101111010001
In base 13, what is -b25 - 10407?
-1122c
In base 13, what is 3b6 - -1a34?
211a
In base 2, what is 111110 - 11011110001110101111110?
-11011110001110101000000
In base 11, what is 1 - 722186?
-722185
In base 14, what is 384b4d4 - -5?
384b4d9
In base 8, what is 1415440 + -23?
1415415
In base 11, what is -3 + -502575?
-502578
In base 14, what is -9880 + -1c9?
-9a69
In base 14, what is -1 + -5909c1?
-5909c2
In base 12, what is -17 + 28a50?
28a35
In base 6, what is 154310111 + -3?
154310104
In base 15, what is dcb68 - -151?
dccb9
In base 6, what is 15540 - 4254402?
-4234422
In base 3, what is -10012021022110 + 100?
-10012021022010
In base 13, what is b645c + 909?
b7068
In base 3, what is 100022200 + 12020110?
112120010
In base 13, what is -a26c9 - 21b?
-a2917
In base 7, what is 3 - -1251531030?
1251531033
In base 16, what is -65a83 - b8d?
-66610
In base 5, what is -103131040 - 4144?
-103140234
In base 13, what is -2c7503 + 116?
-2c73ba
In base 12, what is 164 - 668443?
-66829b
In base 16, what is 3 + 30e4c0a?
30e4c0d
In base 4, what is -32012 + -313000?
-1011012
In base 12, what is 6a3 - -40849?
41330
In base 8, what is 0 + 27167552?
27167552
In base 2, what is 1001000001 + 1010010101110101100111?
1010010101111110101000
In base 2, what is -1011010 - -110000001101010010?
110000001011111000
In base 8, what is -153505 - 100?
-153605
In base 15, what is 0 + 10aebe07?
10aebe07
In base 16, what is -59 + -4f06f?
-4f0c8
In base 13, what is -42a1 + -666?
-4937
In base 2, what is 100 - -100101101010000011101?
100101101010000100001
In base 2, what is 100 + 111101110010110010?
111101110010110110
In base 4, what is 210330 + 21013232?
21230222
In base 8, what is 6 + 1676510?
1676516
In base 11, what is 167913a + -288?
1678962
In base 16, what is 10fd + 26e6?
37e3
In base 16, what is -2b7a + -1929c?
-1be16
In base 11, what is 19622 - -804?
1a326
In base 5, what is -1 - -212132123?
212132122
In base 12, what is 336 + -708?
-392
In base 14, what is 3 - c70b6?
-c70b3
In base 9, what is 5566733 - 3?
5566730
In base 14, what is -4603 + -315?
-4918
In base 2, what is -101010101001101010110101 + 101?
-101010101001101010110000
In base 4, what is -2 + -1112213010032?
-1112213010100
In base 8, what is 1250214 - -332?
1250546
In base 4, what is 22323 - 2313113?
-2230130
In base 13, what is -5c0524 + -56?
-5c057a
In base 3, what is -100221101011 - -1?
-100221101010
In base 14, what is 49319 - -604?
4991d
In base 5, what is -214134301 - 1303?
-214141104
In base 3, what is 12001121020210 + 2?
12001121020212
In base 14, what is -5137 + -356c?
-86a5
In base 5, what is -2002 + 311344?
304342
In base 9, what is -2540 + 8460?
5820
In base 11, what is -6 + -2462680?
-2462686
In base 10, what is -641038599 + 2?
-641038597
In base 16, what is 2c + 23d14?
23d40
In base 12, what is 1646670 + 1?
1646671
In base 3, what is 111111 - 11011011100?
-11010122212
In base 6, what is -21 + -20551244?
-20551305
In base 10, what is 4 + 203666637?
203666641
In base 13, what is -2c3 + -10088?
-1037b
In base 16, what is 4e903 - -475?
4ed78
In base 14, what is 4 + 22224bc?
22224c2
In base 5, what is -120132031 - 11?
-120132042
In base 8, what is -56514122 - -3?
-56514117
In base 10, what is -157 - 121563?
-121720
In base 14, what is -29c7 + -32a8?
-5c91
In base 10, what is -997022751 - -1?
-997022750
In base 14, what is -2 + -39c93?
-39c95
In base 8, what is -13066342 + -476?
-13067040
In base 14, what is -34 + 2725c4?
272590
In base 16, what is 16eceb5 - 4?
16eceb1
In base 15, what is e1e + -1c68?
-d49
In base 5, what is -141121413010 - -2?
-141121413003
In base 6, what is -52334 - 2212023?
-2304401
In base 10, what is -23530 + -292?
-23822
In base 10, what is -1154 + 140765?
139611
In base 6, what is 45201 - 15505?
25252
In base 7, what is -3 - 154024256?
-154024262
In 